(-28 - -26)*(19/(-2) - -1). Suppose c = 2*b + 7. Calculate the remainder when 17 is divided by b.
2
Let q = -26 + 36. Let z = 18 - q. What is the remainder when z is divided by 2?
0
Let z(w) = -12*w**3 - 6*w**2 - 5*w - 7. What is the remainder when z(-3) is divided by 3?
2
Let k(v) = -v - 15 - v + 16 + 58*v**2. Let x be k(1). Let f = x + -33. What is the remainder when 93 is divided by f?
21
Suppose -5*h = -t + 14, 5*t = 3*t - 3*h + 2. What is the remainder when 9 is divided by -3 + 15/t - (-9)/4?
0
Let d be ((-16)/(-4))/(16/12). Suppose -5*u + 16 = -d*u. Let g = 9 + 13. What is the remainder when g is divided by u?
6
Let h(a) = 3*a**2 - 12*a + 29. Calculate the remainder when 257 is divided by h(6).
62
What is the remainder when ((-15)/((-15)/(-2)))/(2/(-166)) is divided by 30?
16
Suppose 8*i = -5*u + 5*i + 1492, 0 = -3*i - 3. Calculate the remainder when u is divided by 50.
49
Let g = -861 - -1139. Calculate the remainder when g is divided by 22.
14
Let p(t) = 6*t - 4. Let k be p(1). Suppose k*o + 0*o = 40. Calculate the remainder when 117 is divided by o.
17
Let o = 438 - 423. What is the remainder when o is divided by 11?
4
Suppose -3 = w - 4*j, 2*j = 26 - 18. Let y(h) = 36*h + 2. Let m be y(2). Let n = m + -39. What is the remainder when n is divided by w?
9
Let t = 379 - 348. What is the remainder when 144 is divided by t?
20
Let u = -274 + 325. What is the remainder when 355 is divided by u?
49
Suppose 5*d = 56 + 24. Suppose -2*x - 7*v = -3*v - 38, v + d = x. Calculate the remainder when 42 is divided by x.
8
Let n be ((-14)/6)/((-23)/69). Let m(a) = 13*a - 73. What is the remainder when 33 is divided by m(n)?
15
Suppose 104 + 55 = 3*a. What is the remainder when 93 is divided by a?
40
Let s(p) = p**3 - 3*p**2 + 3*p - 1. Let z be s(2). Let q(m) be the first derivative of 4*m**2 - m + 5. Calculate the remainder when 25 is divided by q(z).
4
Suppose -f - 52 = -y, y + 5*f - 58 = 3*f. Suppose 4*l - 2088 = -1464. What is the remainder when l is divided by y?
48
Let y = -114 + 116. Suppose p - 9 = -2*p, -v + 41 = -y*p. Calculate the remainder when v is divided by 13.
8
Suppose -z - t = -21, -5*t + 71 = 30*z - 27*z. What is the remainder when 101 is divided by z?
16
Suppose 0 = 12*x - 176 - 88. Calculate the remainder when 84 is divided by x.
18
Let b = -1458 + 1526. Suppose 10 = -2*h + 3*h. Calculate the remainder when b is divided by h.
8
Let i = -1 + -1. Let c = -142 + 146. What is the remainder when i*(-12)/2 + -3 is divided by c?
1
Suppose 2*v - 6*v + w = 12, -3*v + w - 10 = 0. Let b = v + 5. Suppose 5*n - 115 = 2*d, 92 = 4*n + b*d + 2*d. Calculate the remainder when n is divided by 8.
7
Let z(c) = 20*c**3 + 2*c**2 + 4*c + 1. Let f be z(-1). Let n = 34 + f. What is the remainder when n is divided by 2?
1
Suppose b = 5*q - 191, -3*b + 0 = -12. What is the remainder when q is divided by 0 + 0 - (-11 - 3)?
11
Suppose 0 = -m + 3*u + 58 + 45, 4*u = -12. Calculate the remainder when m is divided by ((-8)/6)/(6/(-63)).
10
Suppose -5*q = -2*i + i + 46, -3*q = 0. Suppose 19050*c - 1157 = 19037*c. What is the remainder when c is divided by i?
43
Let p be (-4 - -2)*(-6)/4. Let l = p + 6. Let b(q) = 7*q + 94. Calculate the remainder when b(-10) is divided by l.
6
Let c = 3 + -3. Suppose c = -4*g + i + 46, -g - 4*g + i + 57 = 0. What is the remainder when ((-9 - -6) + 6)/((-1)/(-7)) is divided by g?
10
Let h(y) = -7*y + 6. What is the remainder when h(-6) is divided by (1/(2/1))/((-7)/(-238))?
14
Suppose 19 = l - 8. Suppose 5*a = -10*v + 9*v + 34, 0 = -a - v + 10. What is the remainder when l is divided by a?
3
Suppose 8*q - 148 = 44. Calculate the remainder when q is divided by 7.
3
Suppose -5*d + 37 = -13. Let h = -20 - d. Let m = -17 - h. What is the remainder when 36 is divided by m?
10
Let h(w) = -18*w - 67. Calculate the remainder when 229 is divided by h(-5).
22
Let o = -1 + -6. Let f(w) = w**2 + 2*w - 28. Calculate the remainder when 11 is divided by f(o).
4
Suppose -2*m + 38 = 4*h - 3*h, 4*m + 114 = 3*h. Let t = 42 - h. What is the remainder when 5 is divided by t?
1
Suppose 0 = k - 2, -3*x + 5*x + k - 64 = 0. Calculate the remainder when x is divided by 19.
12
Let u = 201 + -99. Suppose g = -5*g + u. Suppose -4*h = -7 - 17. Calculate the remainder when g is divided by h.
5
Let k = -317 + 343. What is the remainder when 34 is divided by k?
8
Let o(k) = 2*k - 238. Let i(b) = -b + 95. Let z(q) = -12*i(q) - 5*o(q). Calculate the remainder when 148 is divided by z(-6).
34
Calculate the remainder when 284 is divided by ((-292)/(-9))/((-48)/(-216)).
138
Suppose -13*s - 40 = -17*s. What is the remainder when 20 is divided by s?
0
Suppose -b + 2*u = -9, 14*u - 3 = 13*u. What is the remainder when 52 is divided by b?
7
Suppose 3*p = q - 28, -2*q = -2*p + p - 31. Suppose -2*g + 2*d + 33 = -d, -5*g + 3*d + 60 = 0. Calculate the remainder when q is divided by g.
4
Calculate the remainder when -28 + 30 - (3 - 74) is divided by 20.
13
Let o = -330 + 416. What is the remainder when o is divided by 3/(6/(-4)) + 24?
20
Let d = 3 + -14. Let h(u) = -u + 7*u + 3*u + u**2 - 14 - u. Calculate the remainder when 55 is divided by h(d).
17
Let z(v) = 3*v**2 + 7*v + 22. Let u be z(-10). Let l = -154 + u. Calculate the remainder when l is divided by 11.
10
Let b = 377 - 230. Suppose p + p = 0, 0 = 3*s - 5*p - b. Calculate the remainder when 96 is divided by s.
47
Let u(m) = 83*m + 4. Let x be ((-2)/4)/(5/(-10)). Calculate the remainder when u(x) is divided by 22.
21
Suppose -4*d - 4*p + 0*p - 16 = 0, -3*d + p = 16. Let i = d + 15. Calculate the remainder when 16 is divided by (-1 + 11)*6/i.
4
Let h = 2321 - 2217. Calculate the remainder when h is divided by 50.
4
Suppose -7*p - 89 = 149. What is the remainder when 61 is divided by (-6)/((-3)/(-9) + p/48)?
13
Suppose 5*m = 5, -m + 89 + 87 = 5*a. Let x = 281 + -145. Calculate the remainder when x is divided by a.
31
Let x(d) = -d - 7. Suppose 7*s = 2*s - 75. Calculate the remainder when 23 is divided by x(s).
7
Let v = -177 + 221. Calculate the remainder when 120 is divided by v.
32
Suppose 153 = 3*s + i + 44, 2*i = -3*s + 107. What is the remainder when 217 is divided by s?
32
Let p(z) = z - 9. Let g be p(14). Suppose -5*l = -2*i + 16, 4*i + 4*l + 1 = 5. Suppose 0 = i*q - g*q + 2. Calculate the remainder when 1 is divided by q.
0
Suppose -10*n = -6*n + 4. What is the remainder when 58 is divided by (n + 12/18)/((-1)/93)?
27
Suppose 0 = 5*z + 3*m + 2*m - 200, 0 = -4*z + 5*m + 196. Let v(c) = -c**2 + 20*c - 35. What is the remainder when z is divided by v(17)?
12
Let j(z) = -2*z**2 - 79*z + 64. Calculate the remainder when 92 is divided by j(-40).
20
Let b = -491 + 807. Calculate the remainder when b is divided by 112.
92
Let i(m) = 6*m**2 - 36*m + 22. What is the remainder when 439 is divided by i(6)?
21
Suppose 3*q + 398 = -4*m, 2*m + 654 = -5*q - 0*q. What is the remainder when 62 is divided by (-3)/(-6) + -1 - q/4?
30
Suppose -18*h = -199 - 251. What is the remainder when 79 is divided by h?
4
Suppose -5*m = -371 + 21. Calculate the remainder when m is divided by (-2)/(-7) + (-82)/(-7).
10
Let z(j) = 4*j**2 + 5*j + 2. Let t(y) = -y**3 + 7*y**2 + 4*y - 4. Let u be t(7). Suppose -29*w = -u*w - 225. What is the remainder when w is divided by z(-3)?
22
Suppose 8*a = -5*m + 5*a + 56, 0 = -2*m + 3*a + 14. Calculate the remainder when 38 is divided by m.
8
Suppose 2*l + 42 = 3*p, 5*l - 2*l = 9. What is the remainder when 29 is divided by (p/(2 + -6))/(-2) - -8?
9
Suppose -2*t - 7 = -5*a + 12, 0 = -4*t - 8. Suppose -v - 4*g = v - 10, a*v = 4*g - 5. What is the remainder when 51 is divided by v/(-2)*(-35 - -9)?
12
Suppose -22*x + 176 = -1364. Calculate the remainder when x is divided by 18.
16
Let u(i) = 5*i**2 + i. Suppose 4*l - 35 = 45. Let k = -5 + l. Calculate the remainder when k is divided by u(-1).
3
Let z = -24 + 39. Suppose -p - 4 = 0, -q - 5*p + z = -2*p. Suppose 72*w - 6*w - 1170 = -12*w. What is the remainder when q is divided by w?
12
Let m be (-6)/(-27) - 22/18. Calculate the remainder when 39 is divided by (-1 - 1) + 22 - m.
18
Suppose -9*i + 65 - 11 = 0. Suppose 5*x = -i*x + 1870. What is the remainder when x is divided by 57?
56
What is the remainder when 46 is divided by (6/3 - -3) + (-2 - -13)?
14
Suppo